{"id":3886,"date":"2021-02-03T12:45:00","date_gmt":"2021-02-03T11:45:00","guid":{"rendered":"https:\/\/www.smith.care\/?page_id=3886"},"modified":"2023-10-26T11:39:58","modified_gmt":"2023-10-26T09:39:58","slug":"smith-auf-der-dmea-sparks-1","status":"publish","type":"page","link":"https:\/\/www.smith.care\/de\/aktuelles\/smith-auf-der-dmea-sparks-1\/","title":{"rendered":"SMITH auf der DMEA sparks"},"content":{"rendered":"<div class=\"wpb-content-wrapper\"><p>[vc_row css_animation=&#8220;&#8220; row_type=&#8220;row&#8220; use_row_as_full_screen_section=&#8220;no&#8220; type=&#8220;full_width&#8220; angled_section=&#8220;no&#8220; text_align=&#8220;left&#8220; background_image_as_pattern=&#8220;without_pattern&#8220;][vc_column][qode_elements_holder number_of_columns=&#8220;one_column&#8220;][qode_elements_holder_item advanced_animations=&#8220;no&#8220; item_padding=&#8220;0 0 5% 0&#8243;][vc_column_text]<\/p>\n<p>Herzlich willkommen zu unserem Webinar<\/p>\n<p>[\/vc_column_text][vc_empty_space height=&#8220;15px&#8220;][vc_column_text css=&#8220;.vc_custom_1624960473449{padding-bottom: 7% !important;}&#8220;]<\/p>\n<h4>Semantische Interoperabilit\u00e4t im SMITH-Konsortium mit FHIR und SNOMED CT<\/h4>\n<p>[\/vc_column_text]<div class=\"qode_video_box disabled_hover_overlay\">\n\t<a itemprop=\"image\" class=\"qode_video_image\" href=\"https:\/\/www.youtube.com\/watch?v=ry2oEWCfsnY&#038;t=2s\" data-rel=\"prettyPhoto\">\n\t\t\t\n\t\t\t<img decoding=\"async\" src=\"https:\/\/www.smith.care\/wp-content\/uploads\/2021\/06\/Screenshot-Video-1-e1624961934577.png\" \/>\n\t\t\t<span class=\"qode_video_box_button_holder\">\n\t\t\t\t<span class=\"qode_video_box_button\">\n\t\t\t\t\t<span class=\"qode_video_box_button_arrow\">\n\t\t\t\t\t<\/span>\n\t\t\t\t<\/span>\n\t\t\t<\/span>\n\t\t\t<\/a>\n<\/div>[vc_column_text css=&#8220;.vc_custom_1626870273445{padding-bottom: 7% !important;}&#8220;]<\/p>\n<div class=\"videoquelle\" style=\"text-align: left;\">Video-Weiterleitung zu Youtube<\/div>\n<p>[\/vc_column_text][\/qode_elements_holder_item][\/qode_elements_holder][\/vc_column][\/vc_row][vc_row css_animation=&#8220;&#8220; row_type=&#8220;row&#8220; use_row_as_full_screen_section=&#8220;no&#8220; type=&#8220;full_width&#8220; angled_section=&#8220;no&#8220; text_align=&#8220;left&#8220; background_image_as_pattern=&#8220;without_pattern&#8220;][vc_column css=&#8220;.vc_custom_1624959615791{padding-bottom: 5% !important;}&#8220;][qode_elements_holder number_of_columns=&#8220;one_column&#8220;][qode_elements_holder_item advanced_animations=&#8220;no&#8220;][vc_column_text]<\/p>\n<h4>Inhalt:<\/h4>\n<p>[\/vc_column_text][vc_empty_space height=&#8220;15px&#8220;][vc_column_text]<\/p>\n<p>Um medizinische Daten f\u00fcr Krankenversorgung und klinische Forschung optimal verarbeiten und nutzen zu k\u00f6nnen, ist es wichtig, semantische Interoperabilit\u00e4t herzustellen. Das bedeutet, Daten mit weltweit eindeutigen Codes zu beschreiben, die man z.B. in der umfassenden Ontologie SNOMED CT findet. Wie kann man aber solche semantischen Annotationen vornehmen? Wir zeigen Ihnen in diesem Beitrag, wie diese Arbeit in den Datenintegrationszentren des SMITH-Konsortiums auf Basis des HL7-Standards FHIR vorgenommen wird!<\/p>\n<p>[\/vc_column_text][vc_empty_space height=&#8220;15px&#8220;][vc_column_text]<\/p>\n<p>SMITH ist ein durch die Medizininformatik-Initiative des Bundesministeriums f\u00fcr Bildung und Forschung (BMBF) gef\u00f6rdertes Forschungsprojekt und fokussiert auf den Aufbau und die Vernetzung von Datenintegrationszentren an den beteiligten universit\u00e4tsmedizinischen Standorten.<\/p>\n<p>[\/vc_column_text][\/qode_elements_holder_item][\/qode_elements_holder][\/vc_column][\/vc_row][vc_row css_animation=&#8220;&#8220; row_type=&#8220;row&#8220; use_row_as_full_screen_section=&#8220;no&#8220; type=&#8220;full_width&#8220; angled_section=&#8220;no&#8220; text_align=&#8220;left&#8220; background_image_as_pattern=&#8220;without_pattern&#8220;][vc_column][qode_elements_holder number_of_columns=&#8220;one_column&#8220;][qode_elements_holder_item horizontal_alignment=&#8220;left&#8220; advanced_animations=&#8220;no&#8220; item_padding=&#8220;0 0 3% 0&#8243;][vc_column_text]<\/p>\n<h4>Referenten:<\/h4>\n<p>[\/vc_column_text][\/qode_elements_holder_item][\/qode_elements_holder][qode_elements_holder number_of_columns=&#8220;two_columns&#8220; columns_proportion=&#8220;25_75&#8243;][qode_elements_holder_item vertical_alignment=&#8220;top&#8220; advanced_animations=&#8220;no&#8220;][vc_single_image image=&#8220;9286&#8243; img_size=&#8220;200&#215;200&#8243; qode_css_animation=&#8220;&#8220;][\/qode_elements_holder_item][qode_elements_holder_item vertical_alignment=&#8220;top&#8220; advanced_animations=&#8220;no&#8220; item_padding=&#8220;0 5% 5% 5%&#8220;][vc_column_text]<\/p>\n<p><strong>Danny Ammon<\/strong><br \/>\nUniversit\u00e4tsklinikum Jena<br \/>\nDatenintegrationszentrum<br \/>\nStoystra\u00dfe 3<br \/>\n07743 Jena<\/p>\n<p>[\/vc_column_text][vc_empty_space height=&#8220;15px&#8220;][vc_column_text]<em>Lebenslauf:<\/em><br \/>\nDr. Danny Ammon studierte Informatik und promovierte in Medizininformatik an der Technischen Universit\u00e4t Ilmenau. Nach der Mitarbeit in und Koordination von Forschungsprojekten in den Bereichen klinisches Prozessmanagement, Telemedizin und medizinischer Entscheidungsunterst\u00fctzung leitet er seit 2018 das Datenintegrationszentrum am Gesch\u00e4ftsbereich IT des Universit\u00e4tsklinikums Jena.[\/vc_column_text][\/qode_elements_holder_item][\/qode_elements_holder][vc_empty_space height=&#8220;15px&#8220;][qode_elements_holder number_of_columns=&#8220;two_columns&#8220; columns_proportion=&#8220;25_75&#8243;][qode_elements_holder_item vertical_alignment=&#8220;top&#8220; advanced_animations=&#8220;no&#8220;][vc_single_image image=&#8220;9292&#8243; img_size=&#8220;200&#215;200&#8243; qode_css_animation=&#8220;&#8220;][\/qode_elements_holder_item][qode_elements_holder_item vertical_alignment=&#8220;top&#8220; advanced_animations=&#8220;no&#8220; item_padding=&#8220;0 5% 5% 5%&#8220;][vc_column_text]<strong>Andr\u00e9 Sander<\/strong><br \/>\nID GmbH &amp; Co. KGaA<br \/>\nPlatz vor dem Neuen Tor 2<br \/>\n10115 Berlin[\/vc_column_text][vc_empty_space height=&#8220;15px&#8220;][vc_column_text]<\/p>\n<p>Den\u00a0<em>Lebenslauf<\/em>\u00a0von Andr\u00e9 Sander finden Sie\u00a0<a href=\"https:\/\/www.smith.care\/wp-content\/uploads\/2021\/02\/Vita_Sander_Andre_2019.pdf\" target=\"_blank\" rel=\"noreferrer noopener\" data-type=\"URL\" data-id=\"https:\/\/www.smith.care\/wp-content\/uploads\/2021\/02\/Vita_Sander_Andre_2019.pdf\">hier<\/a>.<\/p>\n<p>[\/vc_column_text][vc_empty_space height=&#8220;50px&#8220;][\/qode_elements_holder_item][\/qode_elements_holder][vc_empty_space height=&#8220;15px&#8220;][qode_elements_holder number_of_columns=&#8220;two_columns&#8220; columns_proportion=&#8220;25_75&#8243;][qode_elements_holder_item vertical_alignment=&#8220;top&#8220; advanced_animations=&#8220;no&#8220;][vc_single_image image=&#8220;9290&#8243; img_size=&#8220;200&#215;200&#8243; qode_css_animation=&#8220;&#8220;][\/qode_elements_holder_item][qode_elements_holder_item vertical_alignment=&#8220;top&#8220; advanced_animations=&#8220;no&#8220; item_padding=&#8220;0 5% 5% 5%&#8220;][vc_column_text]<strong>Thomas Nitzsche<\/strong><br \/>\nInterSystems GmbH<br \/>\nRobert-Bosch-Stra\u00dfe 16a<br \/>\n64293 Darmstadt[\/vc_column_text][vc_empty_space height=&#8220;15px&#8220;][vc_column_text]<em>Lebenslauf:<\/em><br \/>\nThomas Nitzsche ist Sales Engineer bei InterSystems. Seine Themenschwerpunkte sind die Entwicklung von Plattformen f\u00fcr Gesundheitsnetzwerke und die Verarbeitung von strukturierten und unstrukturierten Daten. Weiterhin promoviert er an der Medizinischen Fakult\u00e4t der Universit\u00e4t Leipzig zum Thema standardisierte Kommunikationsarchitektur im Bereich Ambient Assisted Living. Bevor er 2013 bei InterSystems anfing, studierte er Informatik an der Wests\u00e4chsischen Hochschule Zwickau mit dem Schwerpunkt Medizininformatik und war dort im Anschluss wissenschaftlicher Mitarbeiter. Dar\u00fcber hinaus war er in verschiedenen Einrichtungen und Verb\u00e4nden des Gesundheitswesens und bei IT-Herstellern im Gesundheitswesens t\u00e4tig. Er ist aktives Mitglied in GMDS, BVMI und VDE.[\/vc_column_text][\/qode_elements_holder_item][\/qode_elements_holder][vc_empty_space height=&#8220;15px&#8220;][qode_elements_holder number_of_columns=&#8220;two_columns&#8220; columns_proportion=&#8220;25_75&#8243;][qode_elements_holder_item vertical_alignment=&#8220;top&#8220; advanced_animations=&#8220;no&#8220;][vc_single_image image=&#8220;9288&#8243; img_size=&#8220;200&#215;200&#8243; qode_css_animation=&#8220;&#8220;][\/qode_elements_holder_item][qode_elements_holder_item vertical_alignment=&#8220;top&#8220; advanced_animations=&#8220;no&#8220; item_padding=&#8220;0 5% 5% 5%&#8220;][vc_column_text]<strong>Matthias L\u00f6be<\/strong><br \/>\nUniversit\u00e4t Leipzig, IMISE<br \/>\nH\u00e4rtelstra\u00dfe 16\u201318<br \/>\n04107 Leipzig[\/vc_column_text][vc_empty_space height=&#8220;15px&#8220;][vc_column_text]<em>Lebenslauf:<\/em><br \/>\nMatthias L\u00f6be arbeitet seit 2002 als wissenschaftlicher Mitarbeiter am Institut f\u00fcr Medizinische Informatik, Statistik und Epidemiologie (IMISE) der Universit\u00e4t Leipzig. Im SMITH-Projekt leitet er das Teilprojekt zu Semantischer Interoperabilit\u00e4t. Innerhalb der Medizininformatikinitiative arbeitet er schwerpunktm\u00e4\u00dfig am Kerndatensatz mit. Seine Forschungsgebiete sind Klinische Datenmodelle\/Interoperabilit\u00e4t, Forschungdatenmanagement\/FAIR data, Metadaten und Terminologien.[\/vc_column_text][\/qode_elements_holder_item][\/qode_elements_holder][\/vc_column][\/vc_row]<\/p>\n<\/div>","protected":false},"excerpt":{"rendered":"<p>[vc_row css_animation=&#8220;&#8220; row_type=&#8220;row&#8220; use_row_as_full_screen_section=&#8220;no&#8220; type=&#8220;full_width&#8220; angled_section=&#8220;no&#8220; text_align=&#8220;left&#8220; background_image_as_pattern=&#8220;without_pattern&#8220;][vc_column][qode_elements_holder number_of_columns=&#8220;one_column&#8220;][qode_elements_holder_item advanced_animations=&#8220;no&#8220; item_padding=&#8220;0 0 5% 0&#8243;][vc_column_text] Herzlich willkommen zu unserem Webinar [\/vc_column_text][vc_empty_space height=&#8220;15px&#8220;][vc_column_text css=&#8220;.vc_custom_1624960473449{padding-bottom: 7% !important;}&#8220;] Semantische Interoperabilit\u00e4t im SMITH-Konsortium mit FHIR und SNOMED CT [\/vc_column_text][vc_column_text css=&#8220;.vc_custom_1626870273445{padding-bottom: 7% !important;}&#8220;] Video-Weiterleitung zu Youtube [\/vc_column_text][\/qode_elements_holder_item][\/qode_elements_holder][\/vc_column][\/vc_row][vc_row css_animation=&#8220;&#8220; row_type=&#8220;row&#8220; use_row_as_full_screen_section=&#8220;no&#8220; type=&#8220;full_width&#8220;&#8230;<\/p>\n","protected":false},"author":5,"featured_media":0,"parent":11388,"menu_order":8,"comment_status":"closed","ping_status":"closed","template":"","meta":{"footnotes":""},"class_list":["post-3886","page","type-page","status-publish","hentry"],"_links":{"self":[{"href":"https:\/\/www.smith.care\/de\/wp-json\/wp\/v2\/pages\/3886","targetHints":{"allow":["GET"]}}],"collection":[{"href":"https:\/\/www.smith.care\/de\/wp-json\/wp\/v2\/pages"}],"about":[{"href":"https:\/\/www.smith.care\/de\/wp-json\/wp\/v2\/types\/page"}],"author":[{"embeddable":true,"href":"https:\/\/www.smith.care\/de\/wp-json\/wp\/v2\/users\/5"}],"replies":[{"embeddable":true,"href":"https:\/\/www.smith.care\/de\/wp-json\/wp\/v2\/comments?post=3886"}],"version-history":[{"count":39,"href":"https:\/\/www.smith.care\/de\/wp-json\/wp\/v2\/pages\/3886\/revisions"}],"predecessor-version":[{"id":10183,"href":"https:\/\/www.smith.care\/de\/wp-json\/wp\/v2\/pages\/3886\/revisions\/10183"}],"up":[{"embeddable":true,"href":"https:\/\/www.smith.care\/de\/wp-json\/wp\/v2\/pages\/11388"}],"wp:attachment":[{"href":"https:\/\/www.smith.care\/de\/wp-json\/wp\/v2\/media?parent=3886"}],"curies":[{"name":"wp","href":"https:\/\/api.w.org\/{rel}","templated":true}]}}

<div class="wpb-content-wrapper"><p>[vc_row css_animation=&#8220;&#8220; row_type=&#8220;row&#8220; use_row_as_full_screen_section=&#8220;no&#8220; type=&#8220;full_width&#8220; angled_section=&#8220;no&#8220; text_align=&#8220;left&#8220; background_image_as_pattern=&#8220;without_pattern&#8220;][vc_column][qode_elements_holder number_of_columns=&#8220;one_column&#8220;][qode_elements_holder_item advanced_animations=&#8220;no&#8220; item_padding=&#8220;0 0 5% 0&#8243;][vc_column_text]</p>
<p>Herzlich willkommen zu unserem Webinar</p>
<p>[/vc_column_text][vc_empty_space height=&#8220;15px&#8220;][vc_column_text css=&#8220;.vc_custom_1624960473449{padding-bottom: 7% !important;}&#8220;]</p>
<h4>Semantische Interoperabilität im SMITH-Konsortium mit FHIR und SNOMED CT</h4>
<p>[/vc_column_text]<div class="qode_video_box disabled_hover_overlay">
	<a itemprop="image" class="qode_video_image" href="https://www.youtube.com/watch?v=ry2oEWCfsnY&#038;t=2s" data-rel="prettyPhoto">
			
			<img decoding="async" src="https://www.smith.care/wp-content/uploads/2021/06/Screenshot-Video-1-e1624961934577.png" />
			<span class="qode_video_box_button_holder">
				<span class="qode_video_box_button">
					<span class="qode_video_box_button_arrow">
					</span>
				</span>
			</span>
			</a>
</div>[vc_column_text css=&#8220;.vc_custom_1626870273445{padding-bottom: 7% !important;}&#8220;]</p>
<div class="videoquelle" style="text-align: left;">Video-Weiterleitung zu Youtube</div>
<p>[/vc_column_text][/qode_elements_holder_item][/qode_elements_holder][/vc_column][/vc_row][vc_row css_animation=&#8220;&#8220; row_type=&#8220;row&#8220; use_row_as_full_screen_section=&#8220;no&#8220; type=&#8220;full_width&#8220; angled_section=&#8220;no&#8220; text_align=&#8220;left&#8220; background_image_as_pattern=&#8220;without_pattern&#8220;][vc_column css=&#8220;.vc_custom_1624959615791{padding-bottom: 5% !important;}&#8220;][qode_elements_holder number_of_columns=&#8220;one_column&#8220;][qode_elements_holder_item advanced_animations=&#8220;no&#8220;][vc_column_text]</p>
<h4>Inhalt:</h4>
<p>[/vc_column_text][vc_empty_space height=&#8220;15px&#8220;][vc_column_text]</p>
<p>Um medizinische Daten für Krankenversorgung und klinische Forschung optimal verarbeiten und nutzen zu können, ist es wichtig, semantische Interoperabilität herzustellen. Das bedeutet, Daten mit weltweit eindeutigen Codes zu beschreiben, die man z.B. in der umfassenden Ontologie SNOMED CT findet. Wie kann man aber solche semantischen Annotationen vornehmen? Wir zeigen Ihnen in diesem Beitrag, wie diese Arbeit in den Datenintegrationszentren des SMITH-Konsortiums auf Basis des HL7-Standards FHIR vorgenommen wird!</p>
<p>[/vc_column_text][vc_empty_space height=&#8220;15px&#8220;][vc_column_text]</p>
<p>SMITH ist ein durch die Medizininformatik-Initiative des Bundesministeriums für Bildung und Forschung (BMBF) gefördertes Forschungsprojekt und fokussiert auf den Aufbau und die Vernetzung von Datenintegrationszentren an den beteiligten universitätsmedizinischen Standorten.</p>
<p>[/vc_column_text][/qode_elements_holder_item][/qode_elements_holder][/vc_column][/vc_row][vc_row css_animation=&#8220;&#8220; row_type=&#8220;row&#8220; use_row_as_full_screen_section=&#8220;no&#8220; type=&#8220;full_width&#8220; angled_section=&#8220;no&#8220; text_align=&#8220;left&#8220; background_image_as_pattern=&#8220;without_pattern&#8220;][vc_column][qode_elements_holder number_of_columns=&#8220;one_column&#8220;][qode_elements_holder_item horizontal_alignment=&#8220;left&#8220; advanced_animations=&#8220;no&#8220; item_padding=&#8220;0 0 3% 0&#8243;][vc_column_text]</p>
<h4>Referenten:</h4>
<p>[/vc_column_text][/qode_elements_holder_item][/qode_elements_holder][qode_elements_holder number_of_columns=&#8220;two_columns&#8220; columns_proportion=&#8220;25_75&#8243;][qode_elements_holder_item vertical_alignment=&#8220;top&#8220; advanced_animations=&#8220;no&#8220;][vc_single_image image=&#8220;9286&#8243; img_size=&#8220;200&#215;200&#8243; qode_css_animation=&#8220;&#8220;][/qode_elements_holder_item][qode_elements_holder_item vertical_alignment=&#8220;top&#8220; advanced_animations=&#8220;no&#8220; item_padding=&#8220;0 5% 5% 5%&#8220;][vc_column_text]</p>
<p><strong>Danny Ammon</strong><br />
Universitätsklinikum Jena<br />
Datenintegrationszentrum<br />
Stoystraße 3<br />
07743 Jena</p>
<p>[/vc_column_text][vc_empty_space height=&#8220;15px&#8220;][vc_column_text]<em>Lebenslauf:</em><br />
Dr. Danny Ammon studierte Informatik und promovierte in Medizininformatik an der Technischen Universität Ilmenau. Nach der Mitarbeit in und Koordination von Forschungsprojekten in den Bereichen klinisches Prozessmanagement, Telemedizin und medizinischer Entscheidungsunterstützung leitet er seit 2018 das Datenintegrationszentrum am Geschäftsbereich IT des Universitätsklinikums Jena.[/vc_column_text][/qode_elements_holder_item][/qode_elements_holder][vc_empty_space height=&#8220;15px&#8220;][qode_elements_holder number_of_columns=&#8220;two_columns&#8220; columns_proportion=&#8220;25_75&#8243;][qode_elements_holder_item vertical_alignment=&#8220;top&#8220; advanced_animations=&#8220;no&#8220;][vc_single_image image=&#8220;9292&#8243; img_size=&#8220;200&#215;200&#8243; qode_css_animation=&#8220;&#8220;][/qode_elements_holder_item][qode_elements_holder_item vertical_alignment=&#8220;top&#8220; advanced_animations=&#8220;no&#8220; item_padding=&#8220;0 5% 5% 5%&#8220;][vc_column_text]<strong>André Sander</strong><br />
ID GmbH &amp; Co. KGaA<br />
Platz vor dem Neuen Tor 2<br />
10115 Berlin[/vc_column_text][vc_empty_space height=&#8220;15px&#8220;][vc_column_text]</p>
<p>Den <em>Lebenslauf</em> von André Sander finden Sie <a href="https://www.smith.care/wp-content/uploads/2021/02/Vita_Sander_Andre_2019.pdf" target="_blank" rel="noreferrer noopener" data-type="URL" data-id="https://www.smith.care/wp-content/uploads/2021/02/Vita_Sander_Andre_2019.pdf">hier</a>.</p>
<p>[/vc_column_text][vc_empty_space height=&#8220;50px&#8220;][/qode_elements_holder_item][/qode_elements_holder][vc_empty_space height=&#8220;15px&#8220;][qode_elements_holder number_of_columns=&#8220;two_columns&#8220; columns_proportion=&#8220;25_75&#8243;][qode_elements_holder_item vertical_alignment=&#8220;top&#8220; advanced_animations=&#8220;no&#8220;][vc_single_image image=&#8220;9290&#8243; img_size=&#8220;200&#215;200&#8243; qode_css_animation=&#8220;&#8220;][/qode_elements_holder_item][qode_elements_holder_item vertical_alignment=&#8220;top&#8220; advanced_animations=&#8220;no&#8220; item_padding=&#8220;0 5% 5% 5%&#8220;][vc_column_text]<strong>Thomas Nitzsche</strong><br />
InterSystems GmbH<br />
Robert-Bosch-Straße 16a<br />
64293 Darmstadt[/vc_column_text][vc_empty_space height=&#8220;15px&#8220;][vc_column_text]<em>Lebenslauf:</em><br />
Thomas Nitzsche ist Sales Engineer bei InterSystems. Seine Themenschwerpunkte sind die Entwicklung von Plattformen für Gesundheitsnetzwerke und die Verarbeitung von strukturierten und unstrukturierten Daten. Weiterhin promoviert er an der Medizinischen Fakultät der Universität Leipzig zum Thema standardisierte Kommunikationsarchitektur im Bereich Ambient Assisted Living. Bevor er 2013 bei InterSystems anfing, studierte er Informatik an der Westsächsischen Hochschule Zwickau mit dem Schwerpunkt Medizininformatik und war dort im Anschluss wissenschaftlicher Mitarbeiter. Darüber hinaus war er in verschiedenen Einrichtungen und Verbänden des Gesundheitswesens und bei IT-Herstellern im Gesundheitswesens tätig. Er ist aktives Mitglied in GMDS, BVMI und VDE.[/vc_column_text][/qode_elements_holder_item][/qode_elements_holder][vc_empty_space height=&#8220;15px&#8220;][qode_elements_holder number_of_columns=&#8220;two_columns&#8220; columns_proportion=&#8220;25_75&#8243;][qode_elements_holder_item vertical_alignment=&#8220;top&#8220; advanced_animations=&#8220;no&#8220;][vc_single_image image=&#8220;9288&#8243; img_size=&#8220;200&#215;200&#8243; qode_css_animation=&#8220;&#8220;][/qode_elements_holder_item][qode_elements_holder_item vertical_alignment=&#8220;top&#8220; advanced_animations=&#8220;no&#8220; item_padding=&#8220;0 5% 5% 5%&#8220;][vc_column_text]<strong>Matthias Löbe</strong><br />
Universität Leipzig, IMISE<br />
Härtelstraße 16–18<br />
04107 Leipzig[/vc_column_text][vc_empty_space height=&#8220;15px&#8220;][vc_column_text]<em>Lebenslauf:</em><br />
Matthias Löbe arbeitet seit 2002 als wissenschaftlicher Mitarbeiter am Institut für Medizinische Informatik, Statistik und Epidemiologie (IMISE) der Universität Leipzig. Im SMITH-Projekt leitet er das Teilprojekt zu Semantischer Interoperabilität. Innerhalb der Medizininformatikinitiative arbeitet er schwerpunktmäßig am Kerndatensatz mit. Seine Forschungsgebiete sind Klinische Datenmodelle/Interoperabilität, Forschungdatenmanagement/FAIR data, Metadaten und Terminologien.[/vc_column_text][/qode_elements_holder_item][/qode_elements_holder][/vc_column][/vc_row]</p>
</div>

<p>[vc_row css_animation=&#8220;&#8220; row_type=&#8220;row&#8220; use_row_as_full_screen_section=&#8220;no&#8220; type=&#8220;full_width&#8220; angled_section=&#8220;no&#8220; text_align=&#8220;left&#8220; background_image_as_pattern=&#8220;without_pattern&#8220;][vc_column][qode_elements_holder number_of_columns=&#8220;one_column&#8220;][qode_elements_holder_item advanced_animations=&#8220;no&#8220; item_padding=&#8220;0 0 5% 0&#8243;][vc_column_text] Herzlich willkommen zu unserem Webinar [/vc_column_text][vc_empty_space height=&#8220;15px&#8220;][vc_column_text css=&#8220;.vc_custom_1624960473449{padding-bottom: 7% !important;}&#8220;] Semantische Interoperabilität im SMITH-Konsortium mit FHIR und SNOMED CT [/vc_column_text][vc_column_text css=&#8220;.vc_custom_1626870273445{padding-bottom: 7% !important;}&#8220;] Video-Weiterleitung zu Youtube [/vc_column_text][/qode_elements_holder_item][/qode_elements_holder][/vc_column][/vc_row][vc_row css_animation=&#8220;&#8220; row_type=&#8220;row&#8220; use_row_as_full_screen_section=&#8220;no&#8220; type=&#8220;full_width&#8220;&#8230;</p>
